?
8
Suppose -2 = -2*w + 20. Let r = w + -7. Suppose -r*t + 312 = 7*a - 3*a, 4*t = 2*a + 318. What is the tens digit of t?
7
What is the ten thousands digit of (-72)/(-312) + 2652635/65?
4
Suppose 6*c + 152 = 2*c. Let i = c - -43. Suppose 4*w - i*v - 277 = -94, -4*w + 190 = 2*v. What is the units digit of w?
7
Let r be (28/6)/((-56)/401772). What is the hundreds digit of r/(-105) + 10/75?
3
Let g = 35 + -39. What is the units digit of (1 - 3) + (-580)/g?
3
What is the tens digit of (-3)/(-12) - (-354186)/56?
2
Suppose -6*j - 5*a - 41 = -3*j, 43 = -4*j + 5*a. Suppose -4*x - 72 - 32 = -40. What is the units digit of 73 - x/j*-3?
7
What is the units digit of (-57117)/((25/(-10) + 2)*2) + -2?
5
Let x(s) = -s**2 + 2*s. Let o(b) = 3*b**2 - 40*b - 55. Let j(f) = -o(f) - 2*x(f). What is the units digit of j(29)?
8
Let h = -3 + 1. Let r(n) = 24*n - 1. Let g(p) = 710*p - 25. Let j(k) = g(k) - 30*r(k). What is the tens digit of j(h)?
2
Let i(h) be the first derivative of h**3/3 + 5*h**2 + 22*h - 19. Let x be i(-7). Let j(y) = 71*y + 3. What is the units digit of j(x)?
4
Let i be -4 + -1 + 4 - -7. Suppose -3*a + i = -a. Suppose 0 = a*p - 11 - 100. What is the units digit of p?
7
What is the thousands digit of 585186/77 - 36/(-198)?
7
Let r(f) = -170*f + 1305. What is the tens digit of r(-25)?
5
Let g be 10*(-6)/6*3/6. Let v(a) = 36*a**2 - 20*a - 6. What is the tens digit of v(g)?
9
Suppose 0 = 5*j - 139 + 19. Let c be (5/(-10))/((-2)/j). Suppose r + 21 = 4*s, -c = -r - r. What is the units digit of s?
6
Let m(y) = 3*y**2 + 15*y - 17. Suppose -l = -4*v + 25, -3*l = 2*v - 6*v + 35. Let p be m(v). Suppose 4*j + p = 5*j. What is the units digit of j?
3
Suppose 43 = 2*s - 5*z, s - 4*z + 16 = -9*z. What is the hundreds digit of -1 - -632 - s/81*9?
6
Let f(m) = 2396*m**3 + 16*m**2 - 19*m + 13. What is the tens digit of f(2)?
0
Let m = 7876 + 17136. What is the tens digit of m?
1
Let r(g) = -g**3 - 14*g**2 + 3*g - 18. Suppose 34*d - 38*d - 60 = 0. Let i be r(d). Suppose 7*u - i = 5*u. What is the units digit of u?
1
Let g(v) = 323*v**2 - 296*v + 4. What is the tens digit of g(6)?
5
What is the units digit of (2381/3 + 1)/(49/((-24990)/(-68)))?
0
Let g(z) = 8*z**2 - 19*z - 30. Let r(q) = q**3 + 10*q**2 + 9*q + 7. Let h be r(-9). What is the tens digit of g(h)?
2
Suppose -54*o = -46*o - 65568. What is the tens digit of o?
9
Let r be 60/(1 - -1)*(-58)/(-116). Suppose 2*t + 10 = 0, -3*l + r*t + 1780 = 19*t. What is the tens digit of l?
0
Let l(t) = -t - 180. Let u(w) = w - 3. Let x(j) = -l(j) - 5*u(j). What is the units digit of x(-35)?
5
Let x = 44171 - 24641. What is the tens digit of x?
3
Suppose 2*y + 3*h + 7 + 8 = 0, -15 = -4*y + 3*h. Suppose 5*t - 1317 + 357 = y. What is the units digit of t?
2
Let j = -56 - -77. Let w be 48/j + 2/(-7) + -1. What is the units digit of (w - -2) + -2 + 56?
7
Suppose 4*u + 284 = a + a, 695 = 5*a + 5*u. Suppose -5*n - a = -n. Let l = -16 - n. What is the tens digit of l?
1
Let w = -45 - 999. Let r = 1665 + w. What is the units digit of r?
1
Let k(s) = 3*s + 10. Let j be k(-5). Let m be (54/6)/(j/((-20)/(-6))). What is the units digit of m/14 + (-1067)/(-7)?
2
Suppose 425 = 3*l + 146. Let s be (6/(-8))/((-63)/168). Suppose -s*r + l = r. What is the tens digit of r?
3
Let q = 2049 - 634. What is the thousands digit of q?
1
Suppose 49 = 8*p - 879. Suppose -4*k - p = -6*k. Suppose -k*f - 225 = -63*f. What is the tens digit of f?
4
Suppose 19 = 2*d + 2*d + 3*v, 0 = -d - 5*v + 9. Suppose d*y - 1207 = 4417. Suppose 0 = -7*g + y + 337. What is the units digit of g?
9
Let r(m) = -132*m + 4478. What is the thousands digit of r(8)?
3
Let n = 202 + -194. Let m(o) = 2*o**3 - 10*o**2 + 19*o - 9. What is the tens digit of m(n)?
2
Let k = 120989 - 77665. What is the units digit of k?
4
Suppose -731 - 2808 = -4*o + 5*i, -5*i = -o + 896. Suppose 30*a - o - 12289 = 0. What is the tens digit of a?
3
Suppose -19*w - 3395 = -12743. Let k = w + -295. What is the units digit of k?
7
Suppose 8 + 24 = -4*m. What is the hundreds digit of 120/10*(-410)/m - 2?
6
Let i = -3151 - -9347. Suppose -i = 19*p - 22726. What is the hundreds digit of p?
8
Suppose 53*y - 3*y = -4*y + 297756. What is the tens digit of y?
1
Let k = 42 - 81. Let c = k + 75. Let a = c - -49. What is the tens digit of a?
8
Let u = 1831 - -823. What is the tens digit of u?
5
Let x(y) = -2*y - 46. Let b be x(9). Let r = 101 + b. What is the units digit of r?
7
What is the hundreds digit of (4702/(-1))/(-10*3/195)?
5
Let s = 3600 - 3238. What is the units digit of s?
2
Let g = 78 - 107. Let v(k) = k**2 + 29*k - 9. Let x be v(g). What is the tens digit of x/(-6)*181 - 4/8?
7
Let d(v) = 15*v**2 - v + 8. Let x be d(-5). Let s = x - 150. Let r = s + -149. What is the tens digit of r?
8
Let f be (-481)/9 - 36/(-81). Suppose -2*r + 32 - 214 = 0. Let t = f - r. What is the units digit of t?
8
Let x = -492 + 779. Suppose -620 = 5*t + 4*n + x, 0 = 4*t + n + 730. Let r = 258 + t. What is the units digit of r?
5
What is the hundreds digit of (-118)/8*(450/(-25) + -506)?
7
Let i = 22 + 128. Let b = i - -38. What is the hundreds digit of b?
1
Suppose -25*p = 10583 - 76958. Suppose -w = -3*s - s - 659, 0 = 4*w + 3*s - p. What is the hundreds digit of w?
6
Suppose -18 = 5*z + 7. What is the units digit of ((-2964)/15 + 6)/(2/z)?
9
Let o = 24016 + 72. What is the hundreds digit of o?
0
Let l(p) = -p**2 - 8*p + 3. Let u be l(-8). Suppose 158*k = 133*k + 8700. Suppose 0 = u*q + 2*z - k, -q + 5*z + 116 = -0*z. What is the hundreds digit of q?
1
Suppose x = 45 - 57. What is the hundreds digit of 145 - x - 1*(-1 - 0)?
1
What is the thousands digit of (17 - -2)/(-3*3/(-13599))?
8
Suppose -8*w = -3*w + 2*y - 49, 46 = 4*w + 5*y. Suppose w*a - 718 = 1388. What is the units digit of a?
4
Let u = 47186 - 28443. What is the units digit of u?
3
Suppose 5*b - 2*z = -6*z + 47, -3*b + 3*z + 39 = 0. Let f be (-22)/b*(1/(-2) + 1). What is the units digit of (f + 2)/(1*4/412)?
3
Let j = 8 - 4. Let l(h) = 10*h - 3*h + h**3 + 7*h**2 + 5 - 13*h**2. What is the units digit of l(j)?
1
Let a = -54573 - -102719. What is the thousands digit of a?
8
Suppose -32735 = 13*d + 29353. Let q = -3026 - d. What is the tens digit of q?
5
Let l = 9336 - -10805. What is the thousands digit of l?
0
Let q(u) = 17*u**2 + 375*u - 36. What is the tens digit of q(-30)?
1
Let s(g) = 45*g**3 + 17*g**2 + 3*g - 24. What is the hundreds digit of s(5)?
0
Let f(r) = 124*r - 2. Let s(v) = v - 2. Let u(h) = -f(h) + 2*s(h). What is the tens digit of u(-3)?
6
Let r(y) = 4*y**2 + 89*y + 2008. What is the hundreds digit of r(-89)?
7
Let v be (-15744)/(-30) - (-4)/20. What is the tens digit of (-408)/18*v/(-10)?
9
Let y = -35998 - -50750. What is the tens digit of y?
5
Let y = -1185 - -824. Let q = 1072 + y. What is the hundreds digit of q?
7
Let q(k) = -298*k**3 - 5*k - 4. Let f be q(-1). Let a = -126 + f. Suppose -22*l - a = -23*l. What is the units digit of l?
3
Let a = 21177 + -12493. What is the thousands digit of a?
8
Let s = 7320 + 5738. What is the thousands digit of s?
3
What is the units digit of (-144)/(-2088) - 331408/(-58)?
4
Let n(b) = 4*b**3 + 6*b**2 + 14*b + 9. Let s = 112 - 107. What is the units digit of n(s)?
9
Let q = 1 + -1. Let l(x) = 1 + q + 24*x**2 + 2 - 3*x**2. What is the tens digit of l(2)?
8
Let k = 13464 + -371. What is the thousands digit of k?
3
Let n(b) = b + 9. Let y be n(-9). What is the units digit of ((-1540)/8 + y)/(2/(-4))?
5
Let w(y) = 167*y**2 + 311*y - 85. What is the tens digit of w(-23)?
0
Let z be (-204)/(-30) - 3/(-15). Let m be z + (0 + 2 - 5). What is the tens digit of m/(-7) + (-4879)/(-49)?
9
Let v(h) = -3*h**2 - 20*h + 17. Let x be v(-8). What is the units digit of 3 + ((-5120)/x)/(4/12)?
7
Let t(j) = 25*j**2 - 5*j + 4. Let d(x) = -51*x**2 + 10*x - 8. Let m(v) = -6*d(v) - 11*t(v). What is the hundreds digit of m(-3)?
2
Let x = 180 + -172. Suppose -x*i + 1202 = g - 12*i, 5*i - 5910 = -5*g. What is the hundreds digit of g?
1
Let j be (-14690)/(-14) - (-2)/(-7). Let z(r) = -32*r**2 + 356*r - 44. Let k be z(11). Suppose -13*a + j + 407 = k. What is the units digit of a?
2
Let u = -1536 + 2012. What is the tens digit of u?
7
Suppose 6639 = 2*n - 5*o - 2120, 5*n - 5*o - 21860 = 0. What is the units digit of n?
7
What is t